p**2/2 - p + 300. What is the units digit of d(-1)?
8
Let z be (1 - 16)/((-7)/(-217)). Let v be z/(-5) + -2 + 2 + -3. Suppose -2*w + 148 + v = 0. What is the units digit of w?
9
Let s = 13 - -6. Suppose 0 = -4*i - o + s, 1 = 2*i - 3*o + 2. Suppose 8*g - i*g = 408. What is the units digit of g?
2
Suppose -8*g + 17307 + 22037 = 0. What is the tens digit of g?
1
Suppose -2*q = 5*b - 20980, 2*q - 24*b + 23*b = 20956. What is the hundreds digit of q?
4
Suppose -4*n - 7 = -3*n - 2*u, -5*u + 34 = 3*n. Let k(h) = -2*h**3 - 6*h**2 - 2*h - 1. Let f be k(-4). Suppose -n = g - f. What is the units digit of g?
6
Suppose 3*u - 1 = -2*z, 0*u - 4*u = 2*z. Suppose 3*f + 2733 = 4*w + 2*f, -4*w + 2730 = z*f. What is the units digit of w?
3
Let t be 3/((-3738)/744 + 5). Let u = t + 137. What is the tens digit of u?
1
Suppose 2*w + 5*j - 71461 = 0, -4*j = 4*w - 108411 - 34481. What is the tens digit of w?
1
Let l(w) = 2*w**3 + 7*w**2 - 153*w + 11. What is the thousands digit of l(12)?
2
Let t = -17980 - -32150. What is the thousands digit of t?
4
What is the hundreds digit of (-1176530)/(-50) + 13 + (-6)/10?
5
Let m(j) be the first derivative of -11*j**2 - 97*j + 34. What is the hundreds digit of m(-16)?
2
Let d(w) = -328*w**2 + 21*w + 20. Let t be d(-1). Let h = t + 629. What is the units digit of h?
0
Let f be (-1 - -6) + (-3 - (-2 + -4)). What is the hundreds digit of -6*2528/(-24) + f/2?
6
Let o = -104 - -106. Suppose -3*z = o*z - 120. What is the tens digit of z?
2
Let v(a) be the third derivative of a**5/30 + 2*a**4/3 - 11*a**3/3 + a**2. Let y be (-1617)/(-98)*(-1 - 2/(-6)). What is the units digit of v(y)?
4
Let u(n) = -2 - n - 55*n**2 + 177*n**2 - 41*n**2. What is the tens digit of u(4)?
9
Let h = -67 + 69. What is the tens digit of h*(276/(-7))/(4/(-42))?
2
Suppose -2*a - 5*j - 3 = 0, 3*a - 15 = -3*j - 6. What is the units digit of (-35 - -87)/(1/a) + -3?
9
Let t(q) = 101*q**3 + q**2 + 2*q - 2. Let d be (-18)/4 + 21/42. Let b = d + 5. What is the hundreds digit of t(b)?
1
Let s = 3066 + -54. Suppose -9*i + 237 = -s. What is the units digit of i?
1
Let u(p) = -14*p**3 + 24*p**2 + 35*p - 220. What is the tens digit of u(-14)?
1
Suppose 2*l - 43*h - 49531 = -48*h, -3*h + 74265 = 3*l. What is the units digit of l?
8
Suppose -34*x + 542266 = 13*x - 13*x. What is the hundreds digit of x?
9
Let l(t) = -t**2 + t + 487. Let d be l(0). Suppose -a = 49 - d. What is the tens digit of a?
3
Let v be (0 - -2)/(10/765). Let c = 7 + 0. Suppose -c*n = -4*n - v. What is the units digit of n?
1
What is the thousands digit of ((2 - 0) + -52255)/(9*5/(-45))?
2
Let p = 2739 - -2967. What is the units digit of p?
6
Let d(o) = -908*o + 462. What is the hundreds digit of d(-7)?
8
Let x(q) = 10*q**2 - 26*q - 575. What is the thousands digit of x(-20)?
3
Suppose 2*w - 215 = -71. Let c = w + -64. What is the units digit of 10/(-4)*(-1)/10*c?
2
Let b = 39992 + -20367. What is the tens digit of b?
2
Suppose 3*i = 4*t + 23, 3*t + 6*i - 19 = i. What is the hundreds digit of ((-5916)/18)/(t/6)?
9
Let b = 15465 - 10760. What is the thousands digit of b?
4
Let a(z) = -24*z - 31. Let p be a(-11). Suppose 26 = 2*m - 20. Suppose 3*r + m - p = 0. What is the tens digit of r?
7
What is the tens digit of 234845/26 - ((-7)/14 - 0)?
3
Let j(c) = -89*c**2 + 28*c - 173. Let g(n) = -45*n**2 + 14*n - 86. Let p(q) = -5*g(q) + 2*j(q). What is the units digit of p(5)?
9
Suppose -15*u + 7533 = -25317. What is the thousands digit of u?
2
Let k(t) = 3277*t - 173. What is the hundreds digit of k(1)?
1
Let p = -38661 - -71717. What is the units digit of p?
6
Let w(z) = -z**2 + 8*z - 9. Let f be w(6). Let c = 8581 - 8236. Suppose -4*a + c = y, y = -f*a + 291 - 32. What is the tens digit of a?
8
Let c = 73903 + -52247. What is the thousands digit of c?
1
Suppose 4*g + 213 = 2*r + 5*g, -5*r + 534 = 3*g. Let z(y) = 144*y**2 - 12*y - 13. Let o be z(-1). Let v = r + o. What is the tens digit of v?
4
Suppose 3*x - 5*h = 52531, 7*x + 5*h - 35054 = 5*x. What is the hundreds digit of x?
5
Let h(i) = 6*i + 4 - 6*i**2 + 1 + i**3 + i**2 - 1. Let b be h(5). Suppose 3*d - b = 17. What is the tens digit of d?
1
Suppose 4*p + 474 = 2*w, -p + 725 = 4*w - w. Let q(n) = -n**2 - 30*n - 37. Let s be q(-22). Let k = w - s. What is the units digit of k?
2
Let y = -29 + 30. Suppose -4*b + 5*b - y = 0, -5*b = -5*x + 10. Suppose k = 56 - x. What is the tens digit of k?
5
Let o = -38246 + 26867. What is the hundreds digit of (-6)/(-15) - (o/15 + 3)?
7
Let f(p) = 9*p**2 - 89*p - 4365. What is the thousands digit of f(-41)?
4
Let z(t) = t**2 + 7*t + 4. Let a be z(-8). Let r(h) = 11*h**2 + 9*h + 40. Let l be r(10). What is the units digit of a/28 + l/21?
9
Let c = -8235 - -19878. What is the ten thousands digit of c?
1
Let g = 32 + -30. Let a be ((-22)/33)/(((-8)/30)/g). Suppose -217 = a*q - 752. What is the tens digit of q?
0
Let y(b) = 2*b**3 - 4*b**2 + 7*b - 4. Let z(g) = -2*g**3 - 27*g**2 - 14*g - 9. Let q be z(-13). Let m be y(q). Let u = -60 + m. What is the units digit of u?
8
Let t = 33400 - 13984. What is the units digit of t?
6
Suppose 32 = 4*b - 4*c, 5*b - 3*b + 4*c + 14 = 0. Suppose -3*r = -2*t - 1411, -2*r + b*t + 815 + 129 = 0. What is the units digit of r?
9
Suppose -8*b = -0*b - 11092 - 5660. What is the units digit of b?
4
Suppose -4*r + 60 = 5*n, 4*n - 5*r = 6*n - 24. Suppose -5*t = 4*g - 1616, n*t - 16*t = 0. What is the units digit of g?
4
Let d(q) = -8 + 11*q + 1 - 3 - 4*q. Let f be d(4). What is the units digit of (-15)/2*(-26 + f)?
0
Suppose 27605 = 81*s - 24908 + 18007. Let y(k) = k + 1. Let d be y(1). Suppose d*h = u + 296, 3*h + 0*u + 3*u = s. What is the hundreds digit of h?
1
Let c be (25 - -1)*-3*(-5)/30. Suppose 0 = -2*s - c + 33. Suppose s*k - 124 = 36. What is the units digit of k?
6
Let s(a) = 153*a - 6. Suppose -31*j + 40 = -22. What is the tens digit of s(j)?
0
Let m(t) = -3*t - 1. Let s be m(-3). What is the tens digit of 26/s*43 + 39/(-52)?
3
What is the thousands digit of (-1180)/(-8)*1782/55?
4
Suppose -11*w + 7*w + 9 = 3*d, -7 = -2*w + d. Suppose w*x = -p + 459, x + 2 - 3 = 0. What is the units digit of p?
6
Let u(n) = 215*n + 13*n - 63 - 10*n - 13*n. What is the thousands digit of u(6)?
1
Let k(r) = 3*r. Let x be k(1). Suppose -2*w + w - 2*p + 16 = 0, x*p = -w + 21. What is the tens digit of 65 - (-6 + -3 + w)?
6
Let k(w) = -84*w**3 - 15*w**2 - 105*w - 108. What is the ten thousands digit of k(-8)?
4
Suppose -59*j + 246115 = -463789 - 428088. What is the hundreds digit of j?
2
Suppose -21*y - 1613 = -22*y. Suppose h - y = -5*n + 3*h, 1609 = 5*n - h. What is the hundreds digit of n?
3
Suppose 556*s - 566*s = 0. Suppose s = -3*v + 4*o + 839, -v = -3*v + o + 566. What is the tens digit of v?
8
Let t be 312/16*(-96)/(-9). Let x = t - -133. What is the hundreds digit of x?
3
What is the thousands digit of 1/(48/1931388) - (-27)/36?
0
Let f be 8/32 + (-49)/(-28). Let o(t) = -t**2 + 4*t + 5. Let q be o(5). Suppose -3*l - f*h = l - 486, 4*h - 12 = q. What is the tens digit of l?
2
Suppose 112520 = 16*i - 4152. What is the units digit of i?
2
What is the hundreds digit of 1 + (40/(-15))/(18/(-33669))?
9
What is the ten thousands digit of (-668820)/(-9) + 12 + (-2)/(-3)?
7
Let f be 1/(-4) - ((-37602)/8 + 0). Suppose -6*i = 4*i - f. What is the units digit of i?
0
Let n = -39 + 41. Suppose z - 5 = 2*w - 4, n*w = 4*z - 34. Suppose -z*f = -10*f - 42. What is the tens digit of f?
4
Let l = -51 + 55. Let y = -259 - -467. Suppose -l*a + 6*a = y. What is the tens digit of a?
0
Let q(v) = 4*v**3 + 2*v**3 + 17*v + 16*v**2 - v + 5*v - 7*v**3 - 2. Let f be 12/30 + 83/5. What is the tens digit of q(f)?
6
Suppose 0 = 17*v + 3*g - 545568, 10*v - 8*v - 2*g - 64168 = 0. What is the hundreds digit of v?
0
Let y(n) = 27*n**3 - 6*n**2 + 11*n - 57. What is the thousands digit of y(6)?
5
Let w(k) = k**3 - 9*k**2 - 9*k - 8. Let p be w(10). Suppose -2*b + 570 = -p*j, -5*b = 2*j - j - 1431. What is the tens digit of b?
8
Let j(b) = -b + 5. Let t be j(3). Let f = -462 + 904. Suppose 5*a - t*d = -0*a + f, 0 = a - 5*d - 70. What is the units digit of a?
0
Suppose -192 = 20*v - 16*v. Let o = -61 - v. What is the tens digit of 5/(-2 - 27/o)?
6
Let h(c) = -70*c**3 - 9*c**2 + 14*c - 6. Let v be h(-5). Suppose 0 = -15*z + v + 2996. What